{"id":77,"date":"2012-06-14T08:07:22","date_gmt":"2012-06-14T08:07:22","guid":{"rendered":"http:\/\/www.marcoschmidgunst.de\/?page_id=77"},"modified":"2015-04-16T06:41:29","modified_gmt":"2015-04-16T06:41:29","slug":"impressum","status":"publish","type":"page","link":"http:\/\/marcoschmidgunst.de\/?page_id=77","title":{"rendered":"Impressum"},"content":{"rendered":"<p>1. Inhalt dieser Homepage<br \/>\nIch \u00fcbernehme keinerlei Gew\u00e4hr f\u00fcr die Richtigkeit, Vollst\u00e4ndigkeit oder Aktualit\u00e4t der hier zur Verf\u00fcgung gestellten Informationen. Haftungsanspr\u00fcche sind generell ausgeschlossen, sofern meinerseits kein nachweislich vors\u00e4tzliches oder grobes Verschulden vorliegt.<\/p>\n<p>&nbsp;<\/p>\n<p>2. Urheberrecht \/ copyright<br \/>\nDas Copyright f\u00fcr von mir ver\u00f6ffentlichten selbst erstellten Objekte bleibt allein bei mir. Eine Vervielf\u00e4ltigung oder Verwendung solcher Grafiken und Texte in anderen elektronischen oder gedruckten Publikationen ist ohne ausdr\u00fcckliche und schriftliche Zustimmung durch den Autor nicht gestattet.<br \/>\nDer Inhalt der Seiten darf nicht ver\u00e4ndert werden und weder unter meinem oder einem anderen Namen oder unver\u00e4ndert unter fremden Namen weitergegeben werden.<\/p>\n<p>&nbsp;<\/p>\n<p>3. Links<br \/>\nIch erkl\u00e4re hiermit ausdr\u00fccklich, dass zum Zeitpunkt der Verlinkung alle Seiten frei von illegalen Inhalten waren. Weiterhin erkl\u00e4re ich, dass ich mich ausdr\u00fccklich von allen Inhalten aller verlinkten Seiten distanziere und mir deren Inhalte nicht zu eigen machen.<\/p>\n<p>&nbsp;<\/p>\n<p>4. Rechtswirksamkeit<br \/>\nSofern Teile oder einzelne Formulierungen dieses Textes der geltenden Rechtslage nicht, nicht mehr oder nicht vollst\u00e4ndig entsprechen sollten, bleiben die \u00fcbrigen Teile des Dokumentes in ihrem Inhalt und ihrer G\u00fcltigkeit davon unber\u00fchrt.<\/p>\n<p>&nbsp;<\/p>\n<p>Marco Schmidgunst<br \/>\nBrust oder Keule<br \/>\nDanziger Stra\u00dfe 134<br \/>\n10407 Berlin<br \/>\n030 89372907<\/p>\n<p>marco_schmidgunst@yahoo.de<\/p>\n<p>&nbsp;<\/p>\n<p><strong>Design und Programmierung<\/strong><\/p>\n<p>Lumio Interdisciplinary Design GmbH<br \/>\nGoebenstra\u00dfe 19<br \/>\n65195 Wiesbaden<\/p>\n<p><a href=\"http:\/\/www.lumio-design.de\" target=\"_blank\">www.lumio-design.de<\/a><\/p>\n","protected":false},"excerpt":{"rendered":"<p>1. Inhalt dieser Homepage Ich \u00fcbernehme keinerlei Gew\u00e4hr f\u00fcr die Richtigkeit, Vollst\u00e4ndigkeit oder Aktualit\u00e4t der hier zur Verf\u00fcgung gestellten Informationen. Haftungsanspr\u00fcche sind generell ausgeschlossen, sofern meinerseits kein nachweislich vors\u00e4tzliches oder grobes Verschulden vorliegt. &nbsp; 2. Urheberrecht \/ copyright Das Copyright &hellip; <a href=\"http:\/\/marcoschmidgunst.de\/?page_id=77\">Weiterlesen <span class=\"meta-nav\">&rarr;<\/span><\/a><\/p>\n","protected":false},"author":1,"featured_media":0,"parent":0,"menu_order":0,"comment_status":"closed","ping_status":"closed","template":"","meta":[],"_links":{"self":[{"href":"http:\/\/marcoschmidgunst.de\/index.php?rest_route=\/wp\/v2\/pages\/77"}],"collection":[{"href":"http:\/\/marcoschmidgunst.de\/index.php?rest_route=\/wp\/v2\/pages"}],"about":[{"href":"http:\/\/marcoschmidgunst.de\/index.php?rest_route=\/wp\/v2\/types\/page"}],"author":[{"embeddable":true,"href":"http:\/\/marcoschmidgunst.de\/index.php?rest_route=\/wp\/v2\/users\/1"}],"replies":[{"embeddable":true,"href":"http:\/\/marcoschmidgunst.de\/index.php?rest_route=%2Fwp%2Fv2%2Fcomments&post=77"}],"version-history":[{"count":15,"href":"http:\/\/marcoschmidgunst.de\/index.php?rest_route=\/wp\/v2\/pages\/77\/revisions"}],"predecessor-version":[{"id":108,"href":"http:\/\/marcoschmidgunst.de\/index.php?rest_route=\/wp\/v2\/pages\/77\/revisions\/108"}],"wp:attachment":[{"href":"http:\/\/marcoschmidgunst.de\/index.php?rest_route=%2Fwp%2Fv2%2Fmedia&parent=77"}],"curies":[{"name":"wp","href":"https:\/\/api.w.org\/{rel}","templated":true}]}}